) = 3 - 9*m + 9*m + m. Suppose 4*x + 126 = 102. Determine y(x).
-3
Let i = 6957 - 6970. Let b(r) = -r**3 - 12*r**2 + 18*r + 64. Give b(i).
-1
Let v = 6 - 8. Let x(n) be the second derivative of -2*n**3 + n**2/2 - 3993*n. What is x(v)?
25
Let k(f) = -3*f - 2. Let s be 20 + -34 + (-40)/(-10). Calculate k(s).
28
Let f be 2 + 11 - (-29 + 46). Let u(g) = g**3 + 5*g**2 + 4*g - 3. Give u(f).
-3
Let l(p) = -p**3 + p - 1. Suppose f - 4*o = -f + 18, f + o = 0. Suppose v + 1 = u, -6 = -f*u - 0. Calculate l(v).
-1
Let i(c) = -2*c - 16. Let z be (297/18 - 18)/((1/6)/1). What is i(z)?
2
Let s(h) = 3400 - 1693 - 5*h - 1718. What is s(-9)?
34
Let r(h) = h**3 - 13*h**2 + 14*h - 17. Let p be r(12). Suppose 12*x = p - 7. Suppose x = -b - 15 + 17. Let d(y) = y + 1. Calculate d(b).
3
Let j be (-46)/253 + (-2908)/(-22). Let x = -102 + j. Let r(w) = 56*w - 11 - x*w - 25*w. Give r(6).
-5
Let t = 138 + -138. Let z(v) = -1 - 37*v**2 + 38*v**2 + t - v. What is z(-3)?
11
Let t be (-15)/(-20)*24/9. Let d(n) = -2*n**3 + 6*n**2 + n - 4. Let w(x) = x**2 - 1. Let h(m) = d(m) - 4*w(m). Calculate h(t).
-6
Let y(x) be the second derivative of x**3/3 - x**2 + 4*x. Suppose 3*r - 26 = -11. Suppose 0 = -r*q - 3*g + 1, q - 6 = 3*g + 5. Calculate y(q).
2
Suppose 0 = -132*b + 288 + 240. Let l(p) = -p**2 - 3*p + 4. Give l(b).
-24
Let u(p) be the third derivative of -1/12*p**4 - 8*p**2 - 6*p + 5/6*p**3 + 0. What is u(6)?
-7
Suppose -18*g - 56 = 23*g - 27*g. Let d(a) = a**2 + a + 9. Determine d(g).
21
Let y = 26087 + -26089. Let z(m) = m**2 - 17*m - 35. Give z(y).
3
Let o(l) = -3*l + 39. Suppose 11 = v - x, 4*x - 1159 = -5*v - 1140. Give o(v).
18
Suppose -6*v - 22 + 34 = 0. Let r(x) = -v*x - 17 + 12*x - 1 - 7*x. Determine r(8).
6
Let z = 492 + -496. Let m(f) = 5*f**2 - 19*f + 7. Let r(p) = 3*p**2 - 10*p + 4. Let n(c) = -4*m(c) + 7*r(c). Calculate n(z).
-8
Let h(y) be the second derivative of -23*y**3/6 + 7*y**2 - 2*y + 2911. Calculate h(3).
-55
Let g be ((-200)/15)/5*6/4. Let k(f) = 8*f + 13. Let w(m) = -23*m - 37. Let u(p) = 11*k(p) + 4*w(p). Determine u(g).
11
Let p(t) = -t**2 + 12*t - 31. Let m be p(9). Let g(d) be the first derivative of -d**3/3 - 5*d**2/2 + 2*d - 6. What is g(m)?
6
Let s(a) = 0*a**2 - 4*a - 2 + 14*a**2 - 13*a**2. Suppose m = 4 - 10. Let i(j) = j + 11. Let h be i(m). What is s(h)?
3
Let q(v) = -3*v**3 + 7*v**2 + 4*v - 5. Let h = -17 - -25. Suppose 31*f = 33*f - h. Let j(z) = z**3 - z. Let k(i) = f*j(i) + q(i). What is k(-7)?
-5
Let s(b) = -b**2 + 185*b - 6579. Let m be s(137). Let x(h) = -17*h**2 - 6*h - 5. Give x(m).
-140
Let o(x) = x + 5. Let s(i) = -i**2 + 34*i + 22. Let b(d) = 6*o(d) - s(d). Determine b(28).
8
Let r(m) be the second derivative of 13*m**3/6 + 195*m**2 - 15*m - 5. Calculate r(-30).
0
Let h(q) = q**3 - 6*q**2 + 5*q - 2. Let y be h(5). Let d(m) = -158*m**2 + 2*m - 5. Let x(b) = -197*b**2 + 3*b - 6. Let r(w) = -10*d(w) + 8*x(w). Give r(y).
10
Suppose -73*t - 22*t = -937 + 272. Let b(r) = -r**2 + 6*r + 6. Calculate b(t).
-1
Let f(k) = -k**3 - 11*k**2 - 5*k - 3. Let c(o) = -4*o**3 - 36*o**2 - 19*o - 9. Let g(t) = 2*c(t) - 7*f(t). Let z = 5 + -2. What is g(z)?
12
Let s(q) = -22*q + 1. Let i be 17*(7 - (5 + 1)). Suppose -5*o - i + 12 = 0. Calculate s(o).
23
Let c(j) = 11*j**2 - 91*j + 22. Let v = -249 - -257. Let q be c(v). Let p(d) be the first derivative of -d**4/2 - d**3/3 + 2*d**2 + 3*d + 1. What is p(q)?
7
Let u(q) = -5*q**3 - 12*q**2 + 13*q - 4. Let n(x) = -x**3 - 2*x**2 + 1. Let m(g) = -4*n(g) + u(g). Give m(2).
-6
Let f(n) be the first derivative of n**3/3 + 3*n**2/2 + 5*n + 388. Calculate f(-3).
5
Let u(g) = g**3 - 6*g**2 - 3*g - 8. Suppose 32*f - 86 = 74. Suppose 13*t - 16*t + 27 = f*y, y - 1 = -5*t. Determine u(y).
-26
Let t(h) be the second derivative of -h**5/20 - 5*h**4/6 - 11*h**3/6 - h**2/2 - 63*h - 2. Let c(m) = m - 1. Let f be c(-7). Determine t(f).
-41
Let m(f) = 16*f + 98. Let l be (8 + 25)*(-6)/22. Calculate m(l).
-46
Let o(a) = -a**2 - 5*a - 1. Let t(h) = 5*h**2 - 8*h + 1. Let p be t(4). Let q = p + 13. Suppose -8*d + 22 = q. What is o(d)?
-1
Let l(v) be the third derivative of -v**6/120 + 7*v**5/60 - 3*v**4/8 + 4*v**3 + 157*v**2 + 2. Give l(7).
-39
Let j(y) = 2*y - 5. Let v be j(4). Let c(l) = -12*l**2 - 9*l. Let k be c(-1). Let h(f) = 2. Let r(z) = 4*z + 6. Let n(d) = k*h(d) + r(d). Calculate n(v).
12
Let y = -12 - -57. Suppose 0 = 3*p + 3*t - 34 + 4, 3*t = -4*p + y. Suppose -o - p = 4*o. Let g(q) = q**2 - q - 4. Give g(o).
8
Let u(x) = -70*x + 2648. Let s be u(38). Let m(g) = -4*g**3 - 48*g**2 + g + 7. What is m(s)?
-5
Let o(z) = 2*z**3 - 3*z**2 + 10*z - 9. Suppose 0*u = -7*u + 35. Let v(r) = 3*r**3 - 7*r**2 + 19*r - 18. Let p(i) = u*o(i) - 3*v(i). Calculate p(-7).
9
Let p(y) = -4*y - 1. Let z = -18 + 22. Suppose -6 = -g + 4*v - 7*v, 15 = -g + z*v. Let b(d) = 3*d + 1. Let x(s) = g*b(s) - 2*p(s). Determine x(-2).
1
Let a(y) = -194*y**3 + 13 - 21*y**2 + 195*y**3 - 23*y + 2 + 9 - 2. Determine a(22).
0
Let s be ((-4)/(-12))/((-1)/6). Let z be (-18)/27*351/s. Suppose 118*b = z*b + 3. Let g(x) = x**3 - 3*x**2. Calculate g(b).
0
Let m(n) be the first derivative of n**4/12 + 3*n**3/2 - 17*n**2/2 + 28. Let t(h) be the second derivative of m(h). Let l be -3*-1*7/(-3). What is t(l)?
-5
Let v = 107 + 15. Suppose 3*i = 5*n - 592, -n = -3*i - i - 115. Let x = v - n. Let c(w) = w - 2. Calculate c(x).
1
Let f(y) be the third derivative of -y**5/60 - 5*y**4/24 - y**3/2 - 4618*y**2. Let w(r) = -2*r + 5. Let g be w(5). Determine f(g).
-3
Let j be (6/(-20) - 11/(-10))/((-2)/(-5)). Let s(w) = -w**2 - 12*w + 19. Give s(j).
-9
Let g(b) = -2 - 2*b**3 - 5 - 19*b**2 + 7 + 6*b - 2*b**3. Let s(c) = c**3 + 6*c**2 - 2*c. Let y(h) = 2*g(h) + 7*s(h). Determine y(4).
-8
Let j(c) be the first derivative of -109 - 13/3*c**3 - 1/4*c**4 + 13/2*c**2 - 8*c. Calculate j(-14).
6
Let v(t) be the first derivative of -8*t**3/3 - 4*t**2 + 10*t - 305. Determine v(1).
-6
Let o(l) = -l**2 - 2*l + 24. Let x be 4 - (8 - (4 + (-5 - -7))). Suppose -5*m - a = 27, 2*m + x*a = m. Determine o(m).
0
Suppose -j + 18 = -5*n + j, 2*n + 4*j + 12 = 0. Let s(z) = -17 - 425*z + 7 + 426*z + 8. What is s(n)?
-6
Suppose -53*j - 70 = -18*j. Let a(x) = -2*x**3 + 2*x**2 + 2*x - 3. What is a(j)?
17
Let u(x) = 1743*x - 3375*x + 126 + 1647*x. Calculate u(-9).
-9
Let m be 201/(-268)*(-8)/54 - (-112)/(-36). Let x(n) = -3 - 5*n**3 + 4*n - 3*n + n**3 - 3*n**2 + 3*n**3. Give x(m).
-6
Let x = -10 + 5. Let g(t) be the first derivative of t**3/3 - t**2/2 - 3*t - 1546. What is g(x)?
27
Let q(c) be the first derivative of c**4/4 + c**3/3 - 4*c**2 + 13*c - 2471. What is q(-4)?
-3
Suppose 22*r = -v + 27*r - 4, 5*r = -v + 16. Let k be ((-2)/1)/(v*15/225). Let t(g) = -g**3 - 2*g**2 + 6*g + 1. Calculate t(k).
46
Let l = -46 + 35. Let v(x) = 9*x**2 + 14*x - 12. Let b(c) = -c**2 - 4*c**2 - c**2 - 7*c + c**2 + 6. Let j(i) = l*b(i) - 6*v(i). What is j(5)?
-4
Let g(l) = -2*l - 50. Let m be g(-27). Let a(u) = 3 + 5*u**3 + 146*u - 10*u**2 - 2*u**3 + 0 - 154*u - m*u**3. Give a(-9).
-6
Let r = 5 - 4. Let s be (-16)/6*(-3)/r. Let k(o) = 144*o - 69*o - 22 - 74*o + 18. Give k(s).
4
Suppose 2*x - 6*x - 10 = 5*a, -2*a - 2*x = 6. Let c(w) = 69*w - w**2 + 3*w**2 - a - w**3 - 71*w. Suppose -10 = 5*l - 2*z, -2*z - 1 = -l - 3. What is c(l)?
18
Let w be (4 - (-7311)/(-27)) + 10/(-45). Let q = -261 - w. Let v(d) = d**3 - 7*d**2 + 6*d. Give v(q).
0
Suppose a = -4*a + 30. Suppose 3*b = 4*b + a. Let w(n) = -n**3 - 9*n**2 - 13*n**2 + 7*n - 1 + 2*n**3 - 28*n**2 + 77*n**2 - 20*n**2. What is w(b)?
-7
Let v(s) = s**3 + 11*s**2 + 7*s + 8. Let l = -1567 + 1557. Determine v(l).
38
Let j be -5 - (-1)/(-3)*3. Let g(n) be the third derivative of n**6/720 + n**5/60 - n**4/2 - 29*n**2. Let q(u) be the second derivative of g(u). What is q(j)?
-4
Let r(x) = 11*x**2 - 63*x + 15. Let p(a) = 7*a**2 - 41*a + 11. Let t(g) = -8*p(g) + 5*r(g). Calculate t(1).
-1
Let p(o) = o**2 - 5*o + 16. Let h be (-78)/(-10) + 2/(-3)*(-66)/220. Calculate p(h).
40
Let f(d) = -16 - 2*d + 35 - 4*d**2 - d**3 - 3*d**2 + 9*d - 3*d**2. Give f(-10).
-51
Let s(t) = t**2 - 6*t - 1. Suppose -3*n + 21 = 4*a, n - 6 - 1 = -2*a. Let u(i) = 6*i**2 + 5 - i**2 - n*i - i**3 + 13*i. Let w be u(6). What is s(w)?
-6
Suppose -2*z + 0 + 2 = 0. Let o(f) be the first derivative of -17*f**2/2 - 4049